= -3*s - 4*h, 4*s - 187 = 3*h. Calculate the remainder when s is divided by -11*(-1 - 4/1 - -3).
21
Let c = 87 + -62. Suppose -5 = 5*s, -4*s = 4*p + c - 105. Calculate the remainder when 62 is divided by p.
20
Let c = -32 + 39. Calculate the remainder when 31 is divided by c.
3
Let m(t) = t**3 + t**2 + t - 12. Let n be m(0). Let v = -20 - n. Let w = -1 - v. Calculate the remainder when 13 is divided by w.
6
Suppose 2*m = -3*s + 10, -1 = -m - 2*s + 4. Suppose -4*d + 0*d + 25 = 3*b, -m*b - d = -19. Calculate the remainder when b is divided by 3.
0
Let y(s) = -s**2 - 6*s + 10. Let n be y(-7). Suppose -l + n = -3. What is the remainder when 21 is divided by l?
3
Suppose k + 14 = 2*k. Suppose -3*m - m = -184. Suppose 2*z - 6 = m. Calculate the remainder when z is divided by k.
12
Let w = 128 + -27. Calculate the remainder when w is divided by 28.
17
Let s(i) = -i**2 - 9*i + 7. What is the remainder when s(-7) is divided by 12?
9
Suppose 0 = -2*r + 3*g + 39, -3*r + 4*r - 2*g - 20 = 0. Suppose 2*x = 5*x - 159. Calculate the remainder when x is divided by r.
17
Calculate the remainder when 2 + -2 - (-47 - 6) is divided by 14.
11
Suppose -12 = 2*h + 2*s, -3*s + 6*s - 31 = 4*h. Let m(g) = -5*g - 2. What is the remainder when 129 is divided by m(h)?
30
Calculate the remainder when 93 is divided by (24/15*-2)/((-4)/30).
21
Let l = -18 - -28. Calculate the remainder when 69 is divided by l.
9
What is the remainder when 1616/5 - 4*6/(-30) is divided by 65?
64
Let q = 21 + -17. What is the remainder when 9 is divided by (-10)/3*(-6)/q?
4
Calculate the remainder when 25 is divided by -2*(-3)/(6/14).
11
Let l = 5 - 4. Let b(c) = -c + 1. Let y be b(l). Suppose -5*o + 50 = -y*o. What is the remainder when o is divided by 4?
2
Let a(l) = -l + 28. Calculate the remainder when a(7) is divided by 11.
10
Let o(s) = s**2 + 3*s. Let f be o(4). Let x = f - 12. What is the remainder when (-2)/5 + (-237)/(-5) is divided by x?
15
Let s be 5 + (2*-1)/(-2). Suppose 0 = s*t - 2*t - 48. What is the remainder when 45 is divided by t?
9
Suppose 2*o - 28 = 4*c, -5*o - 2*c = -4*c - 46. Let b(i) = 3*i**2 + 3*i + 4. Calculate the remainder when b(-3) is divided by o.
6
Let w(t) be the second derivative of -t**5/20 - 7*t**4/6 - 7*t**3/3 - t**2 - 3*t. Calculate the remainder when 32 is divided by w(-13).
10
Suppose 0 = -0*n + n - 1. Let t = 18 + n. Calculate the remainder when t is divided by 7.
5
Suppose -8*g + 3*a = -3*g + 35, 5*g + 5*a = -75. Let c = g - -16. Suppose -2*q = -29 - 3. Calculate the remainder when q is divided by c.
4
Calculate the remainder when 49 is divided by (-128)/(-10) + (-5)/(-25).
10
Suppose -2*r - 10 = -38. What is the remainder when 53 is divided by r?
11
Let v be 3*(-9)/6*-4. Let i = 29 - v. Suppose 0 = c - 2*c + 5*w + 11, 2*c - w = 40. What is the remainder when c is divided by i?
10
Let x(i) = i**3 - 5*i**2 + i + 5. Let l(r) = -r**2 - 6*r. Let j be l(-5). Let s = -35 + 62. What is the remainder when s is divided by x(j)?
7
Suppose -19 = -5*m + 76. Calculate the remainder when m is divided by 8.
3
Suppose -2 = -4*p + 26. Let j(d) = -d**3 + 7*d**2 + d + 9. What is the remainder when j(p) is divided by 9?
7
Suppose 5*a - 3*a = 40. What is the remainder when a is divided by 6?
2
Let g(k) = k**2 + 3*k - 8. Suppose -21 = 5*p + a + 2*a, -5*p - 18 = 4*a. Let q = p - -17. What is the remainder when g(-7) is divided by q?
9
Suppose -t + 4*t = 3. Let j be t*3/(-6)*-2. What is the remainder when 18 is divided by ((-10)/3)/j*-3?
8
Suppose 4*u = -2*n + 12, 0 = 4*n - 0*u + u - 59. Calculate the remainder when 45 is divided by n.
13
Let z(i) = i**2 - 10*i - 16. Let p = 29 + -14. Calculate the remainder when p is divided by z(12).
7
Let v = 4 - 2. Suppose v*r = -5*y + 1102, 2*y - 134 - 309 = -3*r. Suppose y = 8*n - 3*n. What is the remainder when n is divided by 15?
14
Calculate the remainder when 60 is divided by -1 + 302/14 + 21/49.
18
Let w(z) = z**3 + 11*z**2 - 14*z - 18. What is the remainder when w(-12) is divided by 3?
0
Let y = 120 + -83. What is the remainder when y is divided by 8?
5
Suppose 0*g + 3*g = -4*z + 729, -5 = 5*g. What is the remainder when z is divided by 37?
35
Let m = -41 - -71. What is the remainder when m is divided by 22?
8
Let b = 3 + -3. Let i be -3 + 0 + b + 14. Let r = 6 + i. What is the remainder when r is divided by 9?
8
Let d = -5 - -9. Let v = 2 + -2. Suppose v = -d*j + 71 + 5. What is the remainder when j is divided by 10?
9
Let l(a) = a**3 - 6*a**2 + 10*a + 2. Suppose -10 = -x - 3. Calculate the remainder when l(x) is divided by 31.
28
Let q = 9 + 23. Calculate the remainder when 127 is divided by q.
31
Let o = 53 - 23. Let w = o + -18. What is the remainder when w is divided by 5?
2
Let k(s) = -21*s**3 + 2*s + 1. Suppose -3*l = -3*r - 2 - 1, -r + 4*l = 1. Calculate the remainder when k(r) is divided by 7.
6
Let s(k) = k**2 + k + 5. Let d(b) = 2*b + 6. Let j be d(-5). What is the remainder when 65 is divided by s(j)?
14
Suppose 19 + 81 = 5*l. Calculate the remainder when l is divided by 11.
9
Let u(m) = m**3 - m**2 + m - 7. Let l be u(0). Let b = 14 + l. Suppose -p + 24 = 4*q, -q = -0*q - 3*p + b. What is the remainder when 8 is divided by q?
3
Let o(f) be the second derivative of -8*f**3/3 + 2*f**2 - f. Suppose 17 = 5*z + 32. What is the remainder when o(z) is divided by 27?
25
Suppose -6 - 4 = -q. Let p(h) = 7*h**2 - 22*h**3 + 3 - 2*h**2 + 21*h**3 + 5*h**2. Calculate the remainder when 4 is divided by p(q).
1
Suppose 0 = -6*g + 11*g - 250. Calculate the remainder when g is divided by 13.
11
Calculate the remainder when (-80)/(-25)*(-10)/(-4) is divided by 4.
0
Let s = -13 - -27. What is the remainder when 43*1 - (5 + -1) is divided by s?
11
Suppose i - 7 = 14. Let o = -8 + i. Calculate the remainder when o is divided by 4.
1
Suppose -3*h + 101 = 47. Calculate the remainder when h is divided by 10.
8
Suppose 2*a + 3 = 11. Let y = 14 - a. Calculate the remainder when 37 is divided by y.
7
Let x(m) = m**3 - 6*m**2 - 7*m - 7. Let d be x(7). Suppose -3*h + 65 = 2*h. Let y = h + d. Calculate the remainder when 16 is divided by y.
4
Let k(y) = y**2 + 2*y + 21. What is the remainder when k(0) is divided by 11?
10
Let s = 131 - 105. What is the remainder when 155 is divided by s?
25
Suppose 0 = -5*n - 3*r + 122, 5*n - 5*r - 14 = 76. What is the remainder when 81 is divided by n?
15
Let a = 33 + -30. Let k(p) = p**3 + 4*p**2 - p - 2. What is the remainder when k(-3) is divided by a?
1
Suppose 3*j + 0*n = -3*n, -3*j = 4*n. Suppose -k + 3*k + f - 9 = j, -2*k - 5*f = -29. Suppose b + k*b - 21 = 0. Calculate the remainder when 13 is divided by b.
6
Suppose -4*g + g = -12. Calculate the remainder when 14 is divided by -4 + g + 10 + -2.
6
Suppose 4*r - 156 = 4*c, -3*c + 7*c = 12. What is the remainder when r is divided by 15?
12
Suppose 2*w + 9 = 15. Let z(j) = j**2 - 2. What is the remainder when 19 is divided by z(w)?
5
Let i(y) = y**3 - 21*y**2 - y + 25. What is the remainder when 21 is divided by i(21)?
1
Calculate the remainder when (4 + 2)*-3*(-3 - 2) is divided by 22*1 + (0 - -1).
21
Let a = 47 - 27. Let n(d) = -6*d - 1 - d**2 + 2 + d + 2. Calculate the remainder when a is divided by n(-4).
6
Let b = -10 + 2. Let j = b + 11. Suppose 5*q = j*q + 20. Calculate the remainder when 19 is divided by q.
9
Let p = 69 - 37. Suppose -5*d + p = k, -d - 23 = -7*k + 3*k. Suppose 4*c = j - 4, -3*j - 5*c + 58 = j. Calculate the remainder when j is divided by k.
5
Let f(s) = s**2 - 10*s - 9. Let g(q) = 5*q - 16. Let n be g(6). Calculate the remainder when f(n) is divided by 10.
7
Let f be -3 - -1 - (-67 + -1). Suppose f = 2*w + w. Calculate the remainder when w is divided by 8.
6
Suppose -6*l = -l - 680. Suppose 76 = 2*f - l. What is the remainder when f is divided by 36?
34
Suppose -t = 2*c + 3*t + 24, -5*c + t - 60 = 0. Let k = 31 + c. What is the remainder when 36 is divided by k?
17
Let f(j) = -j**2 - 2*j. Let q be f(5). Let m = 81 + q. Calculate the remainder when m is divided by 16.
14
Let f(c) = -26*c + 4. Let k be f(-2). Suppose -2*r - d = -25, -k = -4*r - d - 3*d. What is the remainder when 32 is divided by r?
10
Let v(o) = -o**2 + 18*o - 45. What is the remainder when 174 is divided by v(10)?
34
Suppose -4*u + 3*q = -110, -2*q = u - 3*u + 56.